{"id":141,"date":"2025-08-18T14:07:17","date_gmt":"2025-08-18T12:07:17","guid":{"rendered":"https:\/\/enterprisearkitekt.se\/?page_id=141"},"modified":"2025-09-23T16:14:25","modified_gmt":"2025-09-23T14:14:25","slug":"forskningsmodell","status":"publish","type":"page","link":"https:\/\/enterprisearkitekt.se\/sv\/start\/conclusion-research-result\/research-model\/","title":{"rendered":"Forskningsmodell"},"content":{"rendered":"<h2 class=\"wp-block-heading\">F\u00f6retagsarkitekten - forskningsmodellen<\/h2>\n\n\n\n<p>De tidigare avsnitten i kapitel 3 har syftat till att positionera enterprisearkitekt yrket i sin kontextuella milj\u00f6. Detta kapitel t\u00e4cker dock den centrala delen av denna forsknings teoretiska ramverk och modellen f\u00f6r denna studie, som har enterprisearkitekten som fokuspunkt. Det teoretiska ramverket som presenteras i detta avsnitt \u00e4r avsett att vara det avsnitt som denna studies kapitel om analys, diskussioner och sammanfattning reflekterar och relaterar till. N\u00e4r man studerar ett yrke finns flera angreppss\u00e4tt att tillg\u00e5. Syftet med denna studie \u00e4r att ge en bred bild av enterprisearkitektens profession, belyst utifr\u00e5n fem dimensioner.<\/p>\n\n\n\n<p>I detta avsnitt beskrivs enterprisearkitekten utifr\u00e5n fem dimensioner som forskningsmodell f\u00f6r denna studie.<\/p>\n\n\n\n<figure class=\"wp-block-image size-full\"><img loading=\"lazy\" decoding=\"async\" width=\"605\" height=\"604\" src=\"https:\/\/enterprisearkitekt.se\/wp-content\/uploads\/2025\/08\/image-4.jpg\" alt=\"\" class=\"wp-image-142\" srcset=\"https:\/\/enterprisearkitekt.se\/wp-content\/uploads\/2025\/08\/image-4.jpg 605w, https:\/\/enterprisearkitekt.se\/wp-content\/uploads\/2025\/08\/image-4-300x300.jpg 300w, https:\/\/enterprisearkitekt.se\/wp-content\/uploads\/2025\/08\/image-4-150x150.jpg 150w\" sizes=\"auto, (max-width: 605px) 100vw, 605px\" \/><\/figure>\n\n\n\n<p><a>Figur <\/a>10. Modellen f\u00f6r forskning.<\/p>\n\n\n\n<p>Forskningsmodellen beskriver hur forskningsfr\u00e5gorna har bearbetats i f\u00f6rh\u00e5llande till de tidigare studierna i rapport 1 och rapport 2. F\u00f6r att skapa en modell f\u00f6r den empiriska studien genomf\u00f6rde studiegruppen en inledande och dedikerad litteraturstudie r\u00f6rande enterprisearkitekt yrket (<a href=\"#_ENREF_1\">Besker &amp; Olsson, 2014<\/a>). Denna studie resulterade i fem olika \u00e4mnen som identifierades som s\u00e4rskilt intressanta. Litteraturen organiserades och kategoriserades kring dessa \u00e4mnen. Ett konceptuellt ramverk i form av en forskningsmodell skapades som ger en visuell representation av teoretiska konstruktioner av intresse, se figur 10. Fr\u00e5gor och m\u00e5l som baseras p\u00e5 forskningsmodellen utg\u00f6r grunden f\u00f6r den empiriska delen av studien (<a href=\"#_ENREF_2\">Besker &amp; Olsson, 2015<\/a>). Forskningsmodellen definierar egenskaperna hos enterprisearkitekt yrket i fem grundl\u00e4ggande intresseomr\u00e5den. De \u00e4r f\u00f6ljande: (1) rollen, (2) kompetensen, (3) makten, (4) s\u00e4ttet att agera, (5) huvudfokus. De valda \u00e4mnena illustreras av en konceptuell forskningsmodell, fr\u00e5n Kerlingers (<a href=\"#_ENREF_3\">1979<\/a>) rekommendation; \"<em>Teorier presenterar en systematisk syn p\u00e5 fenomen genom att specificera relationer mellan variabler med hj\u00e4lp av en upps\u00e4ttning sammanh\u00e4ngande konstruktioner\/variabler, definitioner och p\u00e5st\u00e5enden<\/em>\" (p. 82).<\/p>\n\n\n\n<p><\/p>\n\n\n\n<hr class=\"wp-block-separator has-alpha-channel-opacity\"\/>\n\n\n\n<p><strong>Sidh\u00e4nvisningar:<\/strong><\/p>\n\n\n\n<p style=\"margin-top:4px;margin-bottom:4px\"><\/p>\n\n\n\n<p style=\"margin-top:4px;margin-bottom:4px\"><a id=\"_ENREF_1\">Besker, T., &amp; Olsson, R. (2014). <em>Yrket som Enterprise Architect: En litteraturstudie<\/em>. Institutionen f\u00f6r till\u00e4mpad informationsteknologi. Chalmers tekniska h\u00f6gskola och G\u00f6teborgs universitet. G\u00f6teborgs universitet.<\/a><\/p>\n\n\n\n<p style=\"margin-top:4px;margin-bottom:4px\"><a id=\"_ENREF_2\">Besker, T., &amp; Olsson, R. (2015). <em>Yrket som Enterprise Architect: En empirisk studie<\/em>. Institutionen f\u00f6r till\u00e4mpad informationsteknologi. Chalmers tekniska h\u00f6gskola och G\u00f6teborgs universitet. G\u00f6teborgs universitet.<\/a><\/p>\n\n\n\n<p style=\"margin-top:4px;margin-bottom:4px\"><a id=\"_ENREF_3\">Kerlinger, F. N. (1979). <em>Beteendevetenskaplig forskning: ett konceptuellt angreppss\u00e4tt<\/em>. New York: Holt.<\/a><\/p>","protected":false},"excerpt":{"rendered":"<p>The Enterprise Architect \u2013 the Research Model The previous sections of chapter 3 have been intended to position the Enterprise Architect profession in their contextual environment. However, this chapter is covering the central part of this research\u2019s theoretical framework and the model for this study, which has the focal point of the Enterprise Architect. The [&hellip;]<\/p>\n","protected":false},"author":2,"featured_media":0,"parent":138,"menu_order":0,"comment_status":"closed","ping_status":"closed","template":"page-with-title","meta":{"om_disable_all_campaigns":false,"_monsterinsights_skip_tracking":false,"_monsterinsights_sitenote_active":false,"_monsterinsights_sitenote_note":"","_monsterinsights_sitenote_category":0,"footnotes":""},"class_list":["post-141","page","type-page","status-publish","hentry"],"aioseo_notices":[],"_links":{"self":[{"href":"https:\/\/enterprisearkitekt.se\/sv\/wp-json\/wp\/v2\/pages\/141","targetHints":{"allow":["GET"]}}],"collection":[{"href":"https:\/\/enterprisearkitekt.se\/sv\/wp-json\/wp\/v2\/pages"}],"about":[{"href":"https:\/\/enterprisearkitekt.se\/sv\/wp-json\/wp\/v2\/types\/page"}],"author":[{"embeddable":true,"href":"https:\/\/enterprisearkitekt.se\/sv\/wp-json\/wp\/v2\/users\/2"}],"replies":[{"embeddable":true,"href":"https:\/\/enterprisearkitekt.se\/sv\/wp-json\/wp\/v2\/comments?post=141"}],"version-history":[{"count":0,"href":"https:\/\/enterprisearkitekt.se\/sv\/wp-json\/wp\/v2\/pages\/141\/revisions"}],"up":[{"embeddable":true,"href":"https:\/\/enterprisearkitekt.se\/sv\/wp-json\/wp\/v2\/pages\/138"}],"wp:attachment":[{"href":"https:\/\/enterprisearkitekt.se\/sv\/wp-json\/wp\/v2\/media?parent=141"}],"curies":[{"name":"wp","href":"https:\/\/api.w.org\/{rel}","templated":true}]}}

<h2 class="wp-block-heading">Företagsarkitekten - forskningsmodellen</h2>



<p>De tidigare avsnitten i kapitel 3 har syftat till att positionera enterprisearkitekt yrket i sin kontextuella miljö. Detta kapitel täcker dock den centrala delen av denna forsknings teoretiska ramverk och modellen för denna studie, som har enterprisearkitekten som fokuspunkt. Det teoretiska ramverket som presenteras i detta avsnitt är avsett att vara det avsnitt som denna studies kapitel om analys, diskussioner och sammanfattning reflekterar och relaterar till. När man studerar ett yrke finns flera angreppssätt att tillgå. Syftet med denna studie är att ge en bred bild av enterprisearkitektens profession, belyst utifrån fem dimensioner.</p>



<p>I detta avsnitt beskrivs enterprisearkitekten utifrån fem dimensioner som forskningsmodell för denna studie.</p>



<figure class="wp-block-image size-full"><img loading="lazy" decoding="async" width="605" height="604" src="https://enterprisearkitekt.se/wp-content/uploads/2025/08/image-4.jpg" alt="" class="wp-image-142" srcset="https://enterprisearkitekt.se/wp-content/uploads/2025/08/image-4.jpg 605w, https://enterprisearkitekt.se/wp-content/uploads/2025/08/image-4-300x300.jpg 300w, https://enterprisearkitekt.se/wp-content/uploads/2025/08/image-4-150x150.jpg 150w" sizes="auto, (max-width: 605px) 100vw, 605px" /></figure>



<p><a>Figur </a>10. Modellen för forskning.</p>



<p>Forskningsmodellen beskriver hur forskningsfrågorna har bearbetats i förhållande till de tidigare studierna i rapport 1 och rapport 2. För att skapa en modell för den empiriska studien genomförde studiegruppen en inledande och dedikerad litteraturstudie rörande enterprisearkitekt yrket (<a href="#_ENREF_1">Besker &amp; Olsson, 2014</a>). Denna studie resulterade i fem olika ämnen som identifierades som särskilt intressanta. Litteraturen organiserades och kategoriserades kring dessa ämnen. Ett konceptuellt ramverk i form av en forskningsmodell skapades som ger en visuell representation av teoretiska konstruktioner av intresse, se figur 10. Frågor och mål som baseras på forskningsmodellen utgör grunden för den empiriska delen av studien (<a href="#_ENREF_2">Besker &amp; Olsson, 2015</a>). Forskningsmodellen definierar egenskaperna hos enterprisearkitekt yrket i fem grundläggande intresseområden. De är följande: (1) rollen, (2) kompetensen, (3) makten, (4) sättet att agera, (5) huvudfokus. De valda ämnena illustreras av en konceptuell forskningsmodell, från Kerlingers (<a href="#_ENREF_3">1979</a>) rekommendation; "<em>Teorier presenterar en systematisk syn på fenomen genom att specificera relationer mellan variabler med hjälp av en uppsättning sammanhängande konstruktioner/variabler, definitioner och påståenden</em>" (p. 82).</p>



<p></p>



<hr class="wp-block-separator has-alpha-channel-opacity"/>



<p><strong>Sidhänvisningar:</strong></p>



<p style="margin-top:4px;margin-bottom:4px"></p>



<p style="margin-top:4px;margin-bottom:4px"><a id="_ENREF_1">Besker, T., &amp; Olsson, R. (2014). <em>Yrket som Enterprise Architect: En litteraturstudie</em>. Institutionen för tillämpad informationsteknologi. Chalmers tekniska högskola och Göteborgs universitet. Göteborgs universitet.</a></p>



<p style="margin-top:4px;margin-bottom:4px"><a id="_ENREF_2">Besker, T., &amp; Olsson, R. (2015). <em>Yrket som Enterprise Architect: En empirisk studie</em>. Institutionen för tillämpad informationsteknologi. Chalmers tekniska högskola och Göteborgs universitet. Göteborgs universitet.</a></p>



<p style="margin-top:4px;margin-bottom:4px"><a id="_ENREF_3">Kerlinger, F. N. (1979). <em>Beteendevetenskaplig forskning: ett konceptuellt angreppssätt</em>. New York: Holt.</a></p>
